mber?
False
Let f be (-5138)/(-16) - (605/(-88) - -7). Suppose 0 = 5*j + 1289 + 851. Let w = f - j. Is w composite?
True
Let t = 190187 + 46208. Is t composite?
True
Let a(b) = b**3 + 2*b**2 - 6*b + 9751. Let q be a(0). Suppose n - q = 3216. Is n a composite number?
False
Suppose 7*s + 31626 = 14*s. Suppose 485*p - 491*p = -s. Is p prime?
False
Suppose -60*r - 351091 = -2*m - 65*r, -10*m = r - 1755431. Is m a prime number?
True
Suppose 0 = 5*z + 5*u + 6905, 0 = -9*z + 10*z - 3*u + 1361. Is 28 - z - (-15)/(-3) a prime number?
True
Let b = 87902 + -32589. Is b prime?
True
Let t = 187783 - 102304. Suppose 106692 = 7*p - t. Is p prime?
False
Let s(u) = 116*u**3 - 3*u**2 - 3*u - 15. Let o be ((-15)/(-3))/(-6 + 3 - -4). Is s(o) a composite number?
True
Let t(i) = -5*i - 21. Let w be t(-5). Let n(m) = -108*m - 9. Let j be n(w). Is j/(-1) + (0 - -6)/3 prime?
True
Let q = -31 + 33. Let d be -2329 + 0/(q - 3). Is d/(-9) - (-2)/9 a prime number?
False
Suppose -8 = -3*i - 5. Suppose 3*w + 2*z + 8 - i = 0, -24 = -4*w + 4*z. Is ((w + -2)/(-3))/(24/2448) a composite number?
True
Let q be (-608)/(-285) - (-8)/(-60). Let f be (-21)/(-2)*(-1354)/(-3). Suppose f = 5*m + q*m. Is m a composite number?
False
Suppose -5*i + 2*u = -14732, -4*i - 5*u - 4055 = -15867. Suppose -4*m - z = -i, -5*z + 1902 - 428 = 2*m. Is m a composite number?
True
Let r be 516096/1080 + (-2)/30*-2. Suppose -2127 = -r*l + 475*l. Is l a prime number?
True
Let r = 56423 + -22462. Is r composite?
False
Suppose -5*w - 153 = -2*w. Let n = w - -53. Suppose 2230 = 5*b + f + f, 0 = -2*b - n*f + 892. Is b composite?
True
Suppose -4*f = -36*f + 2*f + 499110. Is f a composite number?
True
Let b be (-22)/(-5) - 48/120. Suppose q = 10*z - 6*z + 28509, -q - b*z + 28517 = 0. Is q prime?
True
Is (44/(-7) - -6) + 260406*(-3)/(-14) a composite number?
True
Let y(p) = -1389*p - 4301. Is y(-110) a prime number?
False
Let w = -425 + 501. Suppose -w + 1158 = 2*l. Is l a composite number?
False
Suppose -2*l + 5*a + 6 = 0, 0*a + 8 = -2*l - 2*a. Let w(c) = -500*c**3 - 3*c**2 - 2*c - 3. Is w(l) prime?
True
Let d(q) = -2*q**2 - 17*q - 7. Let u be d(-8). Let i be -3 + 5/1 + (u - -6). Is 321*((-105)/i)/(-5) a prime number?
False
Let p = -43813 + 71630. Is p composite?
False
Let a be (-1)/14 + (-1750762)/(-476). Let z = -2317 + a. Is z a prime number?
True
Let o = -21180 - -92239. Is o prime?
True
Suppose 4*v - b = 4799, -b = 3*v + 4*b - 3582. Suppose -3*j = -2*x - v, j - x = -0*x + 401. Let k = 570 + j. Is k prime?
True
Is (-505 - -8)/(2/(-938)) + 2 a composite number?
True
Suppose 0 = 38*h - 22*h + 336. Is (-28 - 1)*(h - -9 - 161) composite?
True
Let w(j) = j**3 - 10*j**2 + 14*j + 11. Let u be w(9). Is (-4)/21*-18708 + (-24)/u a prime number?
False
Let v(g) = 1827*g**2 + 58*g + 687. Is v(-14) composite?
False
Let d(s) = 166 - 70 - 77 - s. Let u be d(27). Is 2 - (0 - 20/u)*-1206 prime?
False
Let q(n) = 45*n**2 - 5*n + 10. Let z be q(7). Suppose j - 2177 = -x, j = -0*j + 2*x + z. Suppose 3*y - y = -a + j, -4344 = -4*y + a. Is y a composite number?
False
Let s = -390 - -566. Let d(t) = -1 + 33*t - s*t - 111*t + 19*t. Is d(-2) composite?
True
Let l be (-21)/3*(-2)/(-7). Let v(b) = -b**3 + 9*b**2 + 21*b + 7. Let d be v(-21). Is d/(-6)*3/l prime?
False
Is -9*59749995/(-540) - (-4)/(-16) a composite number?
False
Let t(z) = -29*z - 12 + z**2 + 27 + z**2 + 4. Let j be t(14). Is (j/(-15))/(2*2/(-21612)) composite?
False
Let a(z) = 16*z**2 - 5*z - 10. Let g(d) = -7*d**2. Let n be g(-1). Is a(n) composite?
False
Suppose 43*t - 4*a - 520906 = 41*t, 260516 = t + 5*a. Is t a prime number?
False
Let g(m) = m**2 + 5*m - 5. Let f be g(-6). Suppose 21*r + 720 = 972. Is (529 + -1)/(18/r) + f a prime number?
True
Suppose 0 = 3*t - 4*f + 13, 0 = -3*t - f - 20 - 3. Let p(x) = -339*x - 37. Let q be p(t). Suppose 0*o - 3*o = -4*r + q, -r + 3*o = -575. Is r a prime number?
True
Suppose -176 = 3*k - 308. Suppose -47*z = -k*z - 3453. Is z prime?
True
Let b(j) = -38564*j**3 + 27*j**2 + 60*j - 22. Is b(-3) a composite number?
False
Let k be (2/3)/((-14)/462*-11). Suppose y - 3*l = 8870 - 2865, -5*l = -k*y + 12008. Is y a composite number?
True
Suppose -v = 4*l - 8, -33 = 4*v - l + 4*l. Is (-47217)/v + (-10)/(-40) a composite number?
True
Let b(o) = 30 - o**2 + 21*o - 36*o + 8*o**2. Let m be b(13). Let k = 321 + m. Is k a composite number?
True
Let p be -2 + 25/4 - (-42)/(-168). Is 10548/p*(-5)/(-15) composite?
True
Let r(p) = 717*p + 1190. Is r(15) composite?
True
Let k(z) = -z**3 - z**2 - 2*z - 4148. Let h be k(0). Let d = -2019 - h. Is d composite?
False
Suppose -5216 - 4760 = -h. Is ((-7)/((-84)/h))/(14/21) a composite number?
True
Suppose 2*t + 40 = 70. Let v(z) = -23*z + 4*z**2 + z**3 + 6 - 15*z**2 - 2*z**2. Is v(t) a prime number?
False
Is (502520/30 + 14)*3 prime?
False
Suppose 6*j - j - z + 15 = 0, -3*z + 9 = -3*j. Let g = j + 130. Is g prime?
True
Let h(d) = -d**3 + 4*d + 7717 + 257*d**2 + 2*d**3 - 123*d**2 - 130*d**2. Is h(0) a prime number?
True
Is ((-4)/6)/(6/(-2711889)) + -31 + 31 a composite number?
True
Suppose 0 = -2*a + 12, w - 5*a - 88535 = -27318. Is w prime?
False
Suppose -3*v - 30 = -51. Suppose v*a - 2*a + 2*g - 9 = 0, 30 = 5*a - 5*g. Suppose l = 3*y + 1939, 4*l - 4*y + a*y - 7778 = 0. Is l a prime number?
False
Suppose -5*u - 697*s + 693*s + 10384591 = 0, -3*u + 4*s + 6230761 = 0. Is u composite?
True
Suppose 5*r = -2*u + 12871, 2*u - 8 = -12. Let t = -374 - 952. Let a = r + t. Is a a prime number?
True
Let p be 577727/25 - (-84)/(-1050). Let t = 33956 - p. Is t a prime number?
True
Suppose -15*b = -19*b + 2756. Let k = -189 + b. Let q = k + 309. Is q a prime number?
True
Suppose -20668 - 12656 = 4*z. Let m be -4 - (z + (6 - 4)). Let n = m - 5936. Is n composite?
False
Let w = 6433 + -912. Let o = 8192 - w. Is o a composite number?
False
Let q = -10090 + 17073. Let y = 320 + q. Is y prime?
False
Suppose 20*h - 7*h = -2470. Let b = h - -731. Is b a prime number?
True
Suppose -4*m + 351287 = 6*h - 3*h, 2*m + 5*h = 175619. Is m a prime number?
False
Let a = 294355 - 20772. Is a composite?
True
Let i be (15 - 12) + 2*(-3)/2. Suppose -85*m + 93*m - 68152 = i. Is m composite?
True
Let z(r) = 2*r - r + 3 - 1 + 0. Let u be z(2). Suppose 1101 = d - k, u*d = 3*d - 4*k + 1081. Is d a prime number?
True
Let r(y) = -662*y - 145. Suppose 0 = -16*i + 14*i - 18. Is r(i) composite?
False
Let s be 12/(-9) + (-13)/(-3). Let d be (-2)/s + 388/6. Suppose -p - a = -38 - d, -8 = 2*a. Is p a composite number?
True
Let v(s) = -1127*s - 110. Is v(-3) a prime number?
True
Suppose -4*h + k + 2656 = 0, -h = k + 344 - 1013. Let n = h + 306. Is n composite?
False
Let u(g) = -577*g**3 + 6*g**2 + 6*g + 21. Let x be u(-4). Suppose -5*v - 2*z = -3*z - x, 0 = 4*v + 5*z - 29640. Is v a prime number?
False
Suppose 3*k = 4*q - 362879, 30*q - 272172 = 27*q - 2*k. Is q a prime number?
False
Let a(c) = c**3 + 14*c**2 - 54*c + 2. Let r be a(-11). Let f = -550 + r. Is f a composite number?
False
Let r(p) = 75*p**2 + 19 - 51*p**2 - 2*p**3 + 10*p - 2. Is r(9) a prime number?
True
Suppose -4*r = 36 - 184. Suppose -4*d - 41 = -r. Is 1669/(-3)*3*d composite?
False
Let y(g) = 68*g**2 - 4*g + 1. Suppose -2*q - 8 - 20 = -4*p, -q - 4*p = -4. Let u(v) = -205*v**2 + 12*v - 4. Let c(i) = q*y(i) - 3*u(i). Is c(3) composite?
False
Let h = -14648 - -10316. Let r = -1895 - h. Is r prime?
True
Let t(m) = -m**2 - 3*m + 10344. Let z be t(0). Suppose -z = -5*a + 2*q + 526, 2*a - q = 4348. Is a composite?
True
Let d = 409387 + -243758. Is d composite?
True
Let f(p) = -1224*p + 179. Suppose -t = 213 - 202. Is f(t) composite?
True
Let b = 41 - 19. Suppose -b*j + 23*j = -6. Is (2 + 0)*(-69)/j prime?
True
Let p(a) = -a - 21. Let r be p(-17). Let c be (-10 - -96)*(-30)/r. Let w = 1138 - c. Is w a composite number?
True
Suppose -2*b - 5401 = -n, 5*n - 27029 = 3*b + b. Suppose -6*w + 9*w + 2*i = n, -3*w + 2*i = -5397. Is w a composite number?
False
Let w(b) = 0*b + 7*b - 5 - 4*b - 13*b**3. Let q be (-6)/(-4)*(-7)/((-42)/(-16)). Is w(q) a composite number?
True
Let r = 99 + -92. Suppose -r*j + 5702 = 3*u - 6*j, -4*j - 3806 = -2*u. Is u prime?
True
Let l(h) = 508*h - 400. Let y(p) = 169*p - 133. Let k(m) = 2*l(m) - 7*y(m). Is k(-6) a prime number?
False
Let a(m) be the third derivative of 9